j) + 8*r(j). Give o(2).
0
Let z(v) = 5*v**2 + 2*v - 4. Let k(m) = -m**2. Let i(t) = -6*k(t) - z(t). Suppose u = 4*u - 9. What is i(u)?
7
Suppose -5 = 6*s - 23. Let m(w) = w**3 - 2*w**2 + 2*w - 1. Give m(s).
14
Let l be (-2)/12 - 7/(-6). Let v = 3 - l. Let g(b) = -3*b. Determine g(v).
-6
Let q(j) = 2*j**3 + 2*j**2 - j + 2. Suppose 2*l = -0*l + 5*u + 20, 5*l = 2*u + 29. Let h be ((-9)/(-6))/(4/(-40)). Let x be (2 + 36/h)*l. What is q(x)?
-4
Let i(y) = -3*y**3 - 15*y**2 + y - 16. Let r(k) = -k**3 - 5*k**2 - 5. Let u(x) = 3*i(x) - 8*r(x). Determine u(-6).
10
Let m be 3 + 0 + 1 + -1. Let b be (-15 - m)/(-3) - 1. Let y(r) = 7*r - 5 + r - 6*r. Give y(b).
5
Let n(c) be the second derivative of c**5/20 - c**4/12 - 5*c. Calculate n(0).
0
Let q(a) = 3*a**2 - 4*a + 6. Let r(h) = 4*h**2 - 5*h + 7. Let l(i) = -5*q(i) + 4*r(i). Let k be l(-2). Let n(u) = -2 + 0 + 5*u + 1. What is n(k)?
9
Let s = 29 + -31. Let x(j) = -j**3 + 4*j + 3. Give x(s).
3
Let r(m) = m. Let p(a) = 4*a + 1. Let v(o) = -2*p(o) + 6*r(o). Give v(4).
-10
Suppose 3*h - 3 = 12. Let v = -7 + h. Let m(n) = 2*n. Determine m(v).
-4
Let f(i) = -11*i**3 - 6 + i**2 - 2*i - 2*i - 5*i - 6*i. Let x(p) = 5*p**3 - p**2 + 7*p + 3. Let k(h) = -4*f(h) - 9*x(h). Calculate k(3).
6
Let y(f) = -f**2 + f + 1. Let u be y(2). Let h = 2 - u. Let s(p) = -h + 2 - 2*p + 3. Give s(-3).
8
Let p(a) be the second derivative of 5*a**3/6 + 2*a**2 - 4*a. What is p(-3)?
-11
Let b = -48 + 53. Let a(l) = l**2 - 8*l + 4. Give a(b).
-11
Let o(r) = -7*r - 2. Let b(n) = -7*n - 2. Let f(k) = -6*b(k) + 5*o(k). Give f(2).
16
Let f(m) = 2*m - 2. Let k(w) = -w - 1. Let j be k(-3). Suppose 0 = -0*x + j*x + 12. Let v = x + 10. Calculate f(v).
6
Let k(o) = o**3 - 4*o**2 + 1. Let v(d) = -5*d + 1. Let p be v(1). Let t be (-1)/p + 40/(-32). Let h = t - -5. What is k(h)?
1
Let m(y) = y**3 + y - 17. Let k be 0/(4*(-1)/2). Determine m(k).
-17
Suppose 11 = 3*k + 2*v, -5*k = -10*k - v + 23. Let z(j) = -6 - k*j**2 + 4 - 1 - 3*j - j**3. Give z(-4).
-7
Let k(g) = -6*g**3 - 4*g - 10. Let f(u) = u**3 - u**2 + u + 1. Let j(w) = 5*f(w) + k(w). Calculate j(-5).
-10
Let i(y) be the third derivative of -y**9/60480 + y**8/10080 + y**7/1680 - y**6/720 - y**5/30 - 2*y**2. Let m(a) be the third derivative of i(a). What is m(2)?
5
Let j(f) = -f**2 - f - 6. Let m be j(0). Let n be m/4*32/(-12). Let x(c) be the first derivative of -c**2/2 - 3*c + 1. Determine x(n).
-7
Let k(i) = 2*i - 6. Let s be k(5). Suppose 6*l - s*n = l + 27, -5*l + n = -18. Let w(q) = -q**3 + 3*q**2 + q - 4. Calculate w(l).
-1
Suppose 0*c + 5*b = -c, 0 = -4*c - 3*b + 17. Let v(r) = c + r - 5. Suppose 3*g - 6 - 3 = 0, 0 = 3*h - 4*g + 3. Determine v(h).
3
Suppose 4*q = -0*q + 20, 4*q - 44 = -4*i. Let h(w) = -w**2 + 4 + 3 + w + 4*w. What is h(i)?
1
Suppose -6*r + 5 = -13. Let j(w) = -w**2 + 2*w. Give j(r).
-3
Let s(y) = -y**2 + 9*y - 6. Let i be 1 + 6 + (-1 - -2). Let p be s(i). Let o(q) = 6 - 5 + 2*q - 2*q**2 - 3. Give o(p).
-6
Let v(w) = -w**3 + w**2 + w + 1. Let k(y) = y**3 + 2*y. Let a(u) = -k(u) + v(u). What is a(1)?
-1
Let v(o) = o - 8. Suppose 0*q - 2 = -3*g + q, -q - 2 = -g. Calculate v(g).
-8
Let d(k) = -k**3 + 4*k**2 - 2*k + 6. Let z be (-1)/((2/(-4))/1). Let y be (1 + z)*(7 - 8). Let l = 1 - y. Determine d(l).
-2
Suppose c = 3*c. Suppose -4*z - 7 - 10 = -5*f, c = -z - 3. Let n(w) be the second derivative of -w**3/3 - w**2/2 + w. What is n(f)?
-3
Let y = -9 - -12. Let s(p) = 5*p**2 + 2 - p**y + 5 + 4*p - 5*p. What is s(5)?
2
Let k(y) = -y**2 + 5*y - 5. Suppose -15 = -5*i + 2*i. Give k(i).
-5
Let i be 5/3 + (-4)/6. Suppose 3 = p - i. Suppose 6 = 2*a - p. Let m(d) = d**2 - 4*d - 7. What is m(a)?
-2
Let f be -1 + -4 - (-12)/4. Let b(l) = -l - 3. What is b(f)?
-1
Suppose -2*x + 5*o = 6 + 6, -3*o = -x - 8. Let p(f) = 1 - 3*f**2 + 2 - 5*f + x*f**2 - 2. Determine p(4).
-3
Suppose 8*x = 7*x + 3*f - 7, -4*x + 2*f + 22 = 0. Let i(z) = z**2 - 7*z - 11. What is i(x)?
-3
Suppose 2*q = -q - 15. Let l = q - -3. Let c be 4/l + 0/(-3). Let x(f) = -f - 2. Give x(c).
0
Let u = 2 + -1. Suppose 5*d + 26 = 5*w + 2*d, -5*d - 14 = -w. Let y(b) = -b**2 - 1 + 4*b + 2*b - w*b - 5*b**3. What is y(u)?
-5
Suppose -3*p = -5*t + 19, 2*t + 5*p + 17 = 6. Let r(b) = 3*b - 2. Calculate r(t).
4
Suppose 7*w + 18 = 9*w. Suppose -3*m + 12 = -w. Let j(f) = -f + 16. Give j(m).
9
Let r be (-2)/(-6)*12/8. Let x(w) be the second derivative of -1/6*w**4 + 0 - w + r*w**2 - 1/3*w**3. Give x(1).
-3
Let h(t) be the first derivative of -t**2/2 + t + 38. Give h(3).
-2
Let p(h) = -5*h - 23. Let w be p(-5). Let j(r) = -3*r + 2. Give j(w).
-4
Suppose 36*w - 16 = 44*w. Let u(c) be the second derivative of c**4/12 - c**3/6 + c. Determine u(w).
6
Let k(r) = 4*r**2 - 3 - r**3 + 7*r + 0 - 4. Let v be (8 - -2)*(-2)/(-4). Suppose -15 = 2*c - v*c. Give k(c).
3
Let m = 26 + -24. Let k(o) be the third derivative of 0 + 0*o**3 - 1/6*o**4 + o**2 + 0*o. Give k(m).
-8
Let y(h) = -h**3 + 3*h**2 - 1. Suppose 18 = 4*t + t - x, -5*x - 12 = t. Suppose 4*g - 5*k = 19, -2*g + 5*k - t = -20. Suppose -5*c + g + 14 = 0. Calculate y(c).
-1
Suppose 2*c - 22 = 3*y - 7, -31 = 4*y + c. Let a = 11 + y. Let f(s) = 3*s. Let g(j) = 7*j. Let z(o) = -9*f(o) + 4*g(o). What is z(a)?
4
Let y(h) be the third derivative of h**5/30 + h**4/24 - 4*h**2. Determine y(-3).
15
Suppose -2 = -c + 3. Let h(s) = -2*s + 0*s + 15 - 10. Determine h(c).
-5
Let u(d) = -d**3 + d**2 - 1. Let t(v) = 3*v**3 + 3*v**2 + 4*v + 1. Let a(x) = -t(x) - 2*u(x). Suppose 0 = -2*y + l - 8, -2*l + 3*l = -4*y - 10. Calculate a(y).
-5
Let d be -1*(5/5 + -4). Let p(b) be the third derivative of 0 - 1/12*b**4 - d*b**2 + 0*b + 0*b**3. What is p(2)?
-4
Let h(d) = -7*d + 7*d + 2*d. Calculate h(-4).
-8
Suppose 6*g - 30 = g. Suppose 3*b = g*b - 9. Let d(l) = -l**3 + 4*l**2 - 4*l + 3. Determine d(b).
0
Let p(y) = 25 + 28 - 54 + y. Let i(d) = -d**2 + 4*d. Suppose -v + 3*l + 0 = -13, -2*v + 14 = -2*l. Let m be i(v). What is p(m)?
-1
Let j(w) = -4 - 835*w - 2*w**2 + 5*w**2 - w**3 + 839*w. What is j(4)?
-4
Let d(m) = m**2 - 7*m + 6. Suppose 5*i + 4 = 3*r + 4*i, -r = 2*i + 8. Suppose 0 = 5*p + 5*t + 3 - 8, r = p - 3*t - 13. Calculate d(p).
-6
Let j(k) be the second derivative of -k**4/24 - 5*k**3/6 - 5*k**2/2 + 2*k. Let c(i) be the first derivative of j(i). Determine c(4).
-9
Let t(v) be the first derivative of v**5/20 + 5*v**4/12 - 7*v**3/6 - v**2/2 + v + 7. Let y(p) be the first derivative of t(p). Calculate y(-6).
5
Let o(t) = 4*t**2 + t**3 + 4*t + 3*t**3 + 5 - 5*t**2 - 8*t. Let x(u) = u**3 - u + 1. Let i(w) = -o(w) + 5*x(w). Calculate i(2).
10
Let p(m) = m - 4. Let o = -11 - -8. Let g = 7 + o. Determine p(g).
0
Let g(t) = t - 14 - 3 - 1 + 2. Let b(d) = -3. Let l(u) = -u**2 - 7*u - 8. Let r be l(-6). Let p(c) = r*g(c) + 11*b(c). Calculate p(-3).
5
Let h(a) = -a + 6. Let i(p) = -p**3 + 6*p**2 + 3. Let r be i(6). Let n be h(r). Let t(g) = -g**2 + 1 + 2*g**2 + 2 - 3*g. Determine t(n).
3
Let o(h) = -h**2 + h - 1. Suppose -9*d + 3*d + 24 = 0. What is o(d)?
-13
Suppose 4*r - 28 = 3*q, -13 = 3*r + 2*q - 34. Let u(s) = s**2 - 8*s - 8. What is u(r)?
-15
Suppose -2*f + 12 = 3*i + 4, 3*i - 1 = -f. Let z(w) = f - w + 1 + 0. Suppose 0 = -5*u + 6*u - 4, 0 = 2*s - 3*u + 12. What is z(s)?
8
Let z(g) = -g**2 + 4*g + 3. Let i be 8/(-6)*15/(-10). Suppose 4*d + 4*a - 36 = 0, -i*d - d + 3*a = -3. What is z(d)?
-2
Let c(b) = 4*b - 2*b + 6*b. Let y(p) = 7*p. Let z be (-10)/(-4)*-2 + -1. Let h(m) = z*y(m) + 5*c(m). Give h(-4).
8
Let c be (1/(-2))/(((-35)/(-50))/(-7)). Let z(l) = l**2 - 8*l + 6. Determine z(c).
-9
Let w = -4 - -3. Let x = 5 + -3. Let j(k) = -k**3 + k**2 - k - 1. Let f(a) = -a**3 + 7*a**2 - 2*a + 1. Let u(b) = w*f(b) + x*j(b). Calculate u(-5).
-3
Suppose 0 = -2*b - l + 3 + 6, 0 = 3*b - 5*l - 20. Suppose -25 = -0*c + b*c. Let y(j) = -j**2 - 6*j + 1. Calculate y(c).
6
Let n(g) = g**3 + 3*g**2 + 2*g + 3. Let m be n(-3). Let q(p) = -p**2 + p + 2. Determine q(m).
-10
Suppose -5*l + 2*s = 24, 4*s = -5*l + 3 - 15. Let z = l - -4. Let n(f) = 0*f**2 - 2*f**2 + 4*f + z*f**2 - 3 + 4. Give n(3).
-5
Let t(n) be the second derivative of n**3/6 + 11*n**2/2 - 26*n. Calculate t(-5).
6
Suppose -5*a - 35 = 2*p, -4*p - 1 = a + 24. Let m(s) = -s - 8. What is m(p)?
-3
Let p(n) = -5*n**3 + 7*n**2 + 9*n**2 + n - n**3 - 15*n**2. Determine p(-1).
6
Su